66?
1269
In base 16, what is -b - -7a?
6f
In base 7, what is 2 - 102?
-100
In base 5, what is 12012 + 4?
12021
In base 14, what is 41 - -2?
43
In base 8, what is 363 - 50?
313
In base 10, what is 11 + -120?
-109
In base 9, what is 4 + -2100?
-2085
In base 7, what is 5 - 140?
-132
In base 6, what is 114 + -402?
-244
In base 7, what is -334 - -3?
-331
In base 10, what is 0 - 288?
-288
In base 16, what is -3e9 + -5?
-3ee
In base 3, what is -1222 - 200?
-2122
In base 7, what is 511 - 4?
504
In base 13, what is 5 + 37?
3c
In base 6, what is -2 - 21033?
-21035
In base 3, what is -1020 - -11?
-1002
In base 11, what is 5 + 1a3?
1a8
In base 13, what is -388 + 1?
-387
In base 11, what is 96 + -3?
93
In base 14, what is 158 + 1?
159
In base 16, what is -17 + -13?
-2a
In base 11, what is -1 - -3121?
3120
In base 9, what is -135 - 2?
-137
In base 12, what is -19 - 3?
-20
In base 6, what is -134 - 44?
-222
In base 12, what is -b704 - 2?
-b706
In base 10, what is -3 + 831?
828
In base 6, what is -252 - 120?
-412
In base 3, what is 100 - -2?
102
In base 3, what is 0 + 20220?
20220
In base 13, what is 5 + 1284?
1289
In base 6, what is 351 + 3?
354
In base 15, what is 20 + -3b0?
-390
In base 9, what is 0 - -1115?
1115
In base 12, what is 1 + 32?
33
In base 6, what is 113 + 151?
304
In base 9, what is -5 - 787?
-803
In base 12, what is -11a - -3?
-117
In base 6, what is 1 + 23?
24
In base 9, what is -45 - 0?
-45
In base 3, what is 1 + -11112?
-11111
In base 5, what is 0 + 34224?
34224
In base 9, what is -2 + 788?
786
In base 2, what is -1 - 1000001011?
-1000001100
In base 6, what is 51 + -30?
21
In base 13, what is -21 + 686?
665
In base 5, what is -1 - -21?
20
In base 8, what is -5 - 752?
-757
In base 2, what is 10000101 + 1000?
10001101
In base 12, what is -1 - 826?
-827
In base 4, what is -10 - -32?
22
In base 12, what is -105 - 13?
-118
In base 13, what is 213 + -1?
212
In base 13, what is -116 + -2?
-118
In base 11, what is 4 - -302?
306
In base 6, what is 302 - -3?
305
In base 9, what is 5 + -14?
-8
In base 13, what is 16 - 2?
14
In base 4, what is -203 + 3?
-200
In base 14, what is -2 - dc?
-100
In base 11, what is -1012 + 20?
-aa2
In base 8, what is -216 - 35?
-253
In base 16, what is c0d - -3?
c10
In base 2, what is 11 - -100111?
101010
In base 8, what is 74 + 1?
75
In base 14, what is 0 + -4d4?
-4d4
In base 6, what is 2 - 33?
-31
In base 14, what is 35b + -2?
359
In base 15, what is -4 + -2c?
-31
In base 12, what is 3 - 53?
-50
In base 5, what is 2 - -232?
234
In base 3, what is -121 - -22122?
22001
In base 4, what is 3 - 2112312?
-2112303
In base 11, what is -44 + 0?
-44
In base 5, what is 1203 + 10?
1213
In base 13, what is 3 + 233?
236
In base 3, what is -12010 + 1001?
-11002
In base 12, what is -3 - -6?
3
In base 3, what is 211 - -11202?
12120
In base 3, what is 200 + 122?
1022
In base 16, what is -3 + cd?
ca
In base 5, what is -342 - -14?
-323
In base 15, what is -1325 - -3?
-1322
In base 11, what is 2 - -296?
298
In base 4, what is -2 - 1302?
-1310
In base 13, what is 64 - -8?
6c
In base 3, what is -1111 - -1002?
-102
In base 11, what is -5 + 2110?
2106
In base 14, what is -9 + -b?
-16
In base 6, what is -4 - -45?
41
In base 6, what is 3 + -224?
-221
In base 10, what is -54 - 3?
-57
In base 8, what is -112 + -4?
-116
In base 15, what is da - -1?
db
In base 7, what is 20 - 3164?
-3144
In base 10, what is -3 - 9?
-12
In base 12, what is 28 - -3?
2b
In base 7, what is 1 - -4442?
4443
In base 11, what is 3 - 107?
-104
In base 14, what is -7 + -6?
-d
In base 14, what is -9 - 53?
-5c
In base 2, what is 101 - 110000000?
-101111011
In base 15, what is -5 + 26de?
26d9
In base 5, what is 3 - 1200?
-1142
In base 2, what is 0 - -110111?
110111
In base 10, what is 92 - 3?
89
In base 7, what is -3056 + 3?
-3053
In base 9, what is -858 + 2?
-856
In base 2, what is -11 - 10111101?
-11000000
In base 8, what is -5 + 1246?
1241
In base 3, what is -12 - 2212122?
-2212211
In base 15, what is 3e + -4?
3a
In base 11, what is 8 + -120?
-113
In base 7, what is 3266 - 1?
3265
In base 7, what is -13 + -12615?
-12631
In base 13, what is -7 - -14c?
145
In base 14, what is -12 + 7?
-9
In base 15, what is -40 - 1?
-41
In base 15, what is -3d - -c?
-31
In base 11, what is 3 + 195?
198
In base 9, what is -42 + -68?
-121
In base 15, what is 8d5 - 0?
8d5
In base 15, what is 1 + -1996?
-1995
In base 13, what is -6 + -8?
-11
In base 8, what is 735 + 0?
735
In base 4, what is -23101 - 11?
-23112
In base 7, what is 24 - -40?
64
In base 6, what is -223 - -1?
-222
In base 5, what is -4 + 1132?
1123
In base 7, what is -22635 + 2?
-22633
In base 3, what is 121220 - -2?
121222
In base 8, what is -12 - 22?
-34
In base 12, what is -401 + 0?
-401
In base 4, what is -21 - -23?
2
In base 7, what is 1046 - 2?
1044
In base 13, what is -63 - -6?
-5a
In base 12, what is -3 - 69?
-70
In base 9, what is -6 - 101?
-107
In base 2, what is -1010 - 110011001101?
-110011010111
In base 3, what is -12 - -20200?
20111
In base 14, what is 0 - 37?
-37
In base 8, what is 356 - 3?
353
In base 14, what is -8 + 28?
20
In base 13, what is -734 + -5?
-739
In base 13, what is -26 - -30?
7
In base 14, what is -25 - -6?
-1d
In base 8, what is -53 - 22?
-75
In base 8, what is 121 + -5?
114
In base 6, what is -55 - 30?
-125
In base 11, what is -1271 + 16?
-1256
In base 8, what is 3 + -26?
-23
In base 2, what is 110 - 110110001110?
-110110001000
In base 3, what is 0 + 201010?
201010
In base 5, what is -43 - 1034?
-1132
In base 16, what is d5 + 0?
d5
In base 16, what is -6 + 38?
32
In base 8, what is -4 - 61?
-65
In base 13, what is -2 - 1?
-3
In base 11, what is 11 + -65?
-54
In base 4, what is -12311 - -2?
-12303
In base 7, what is 22 + 3?
25
In base 15, what is 1e0 - -5?
1e5
In base 11, what is -6 - 12?
-18
In base 13, what is -b - -6?
-5
In base 2, what is 0 + -101?
-101
In base 6, what is -2 - 21041?
-21043
In base 9, what is -150 - 0?
-150
In base 7, what is 126 + -4?
122
In base 7, what is -4 - -4265?
4261
In base 11, what is -1669 - -2?
-1667
In base 7, what is -601 + 5?
-563
In base 16, what is 472 + 1?
473
In base 4, what is -3 - -312?
303
In base 8, what is -105 + 5?
-100
In base 4, what is 0 + 1321?
1321
In base 6, what is -5 - -12?
3
In base 9, what is -30 - -42?
12
In base 14, what is -2058 - 2?
-205a
In base 2, what is 100 + -10101101?
-10101001
In base 8, what is 0 - -62?
62
In base 11, what is -27 - 19?
-45
In base 4, what is 2020 + -1?
2013
In base 15, what is 168 + -24?
144
In base 9, what is 212 - 17?
184
In base 2, what is 11 + -101101?
-101010
In base 6, what is 22 + -331?
-305
In base 7, what is 41 + 1421?
1462
In base 10, what is 16 - -864?
880
In base 3, what is -10200 + -12?
-10212
In base 12, what is -3 + 983?
980
In base 4, what is -10 - 312?
-322
In base 10, what is 0 - 7?
-7
In base 5, what is 10044 - -2?
10101
In base 3, what is 10021 + -20?
10001
In base 12, what is 0 - -524?
524
In base 8, what is 112 - -5?
117
In base 8, what is 1312 - -1?
1313
In base 3, what is 2 - 2201102?
-2201100
In base 9, what is -1 - 47?
-48
In base 6, what is -150135 - -3?
-150132
In base 7, what is 24 + -114?
-60
In base 13, what is 6 - -235?
23b
In base 6, what is -5542 + -4?
-5550
In base 11, what is 334 - 29?
306
In base 15, what is -16 - e?
-25
In base 13, what is -2492 + 2?
-2490
In base 4, what is -10 + 201103?
201033
In base 6, what is 405 + -5?
400
In base 8, what is 6470 + 0?
6470
In base 10, what is -2 - -47?
45
In base 13, what is 4 + -42?
-3b
In base 3, what is -12 - -212222?
212210
In base 10, what is 6 + -310?
-304
In base 9, what is -5 + 4307?
4302
In base 3, what is -12202 - 2?
-12211
In base 11, what is -742 - -10?
-732
In base 6, what is -1 + -3302?
-3303
In base 8, what is 170 + -16?
152
In base 14, what is -135 + 2?
-133
In base 4, what is -10 - -13?
3
In base 4, what is -30 - -3101?
3011
In base 7, what is 0 + -404?
-404
In base 4, what is 3 + 20003?
20012
In base 15, what is 2e3 - -4?
2e7
In base 2, what is -100 - -1010100011011?
1010100010111
In base 10, what is 4771 + 0?
4771
In base 12, what is -5 - -a9?
a4
In base 13, what is 99 - 1?
98
In base 10, what is -2 - -142?
140
In base 7, what is 2344 - -3?
2350
In base 8, what is -31 + 42?
11
In base 2, what is -10010110001 + 101?
-100101